 5, 271
Suppose 140 = 5*j - 4*t - 191, -3*t + 3 = 0. Suppose 5*l + 37 = 3*p - p, j = 2*p + 5*l. Let o = 85 - p. What are the prime factors of o?
59
Suppose 0 = -4*i + 2*m + 22, 6*i + m = i + 24. Suppose i*v = -15 + 45. Suppose u + v*l - 12 = 3*l, 0 = u - 5*l - 36. What are the prime factors of u?
3, 7
Suppose -2*r = -921 + 57. Let g = 976 - r. Suppose 2*z = 4*l - g, -5*z + 1 - 21 = 0. List the prime factors of l.
2, 67
Suppose 2*h + 3*v - 4 = 0, v - 1 = -h - 0*v. What are the prime factors of (h*(-6)/(-4))/((-14)/4732)?
3, 13
Suppose 5*f + 1973 = u, -f + 3*f + 3962 = 2*u. Let v = u - 1374. List the prime factors of v.
3, 7, 29
Let s(p) = p**2 + 7*p - 15. Let r be s(-9). Suppose f - 3*i - 155 = 0, 5*f + r*i = 5*i + 788. Suppose -f + 1731 = 13*m. What are the prime factors of m?
11
Suppose 2*y = -v + 104283, -930*y + 927*y + 2*v = -156428. List the prime factors of y.
2, 29, 31
Let u(q) = -3692*q**3 - 9*q**2 + 16*q + 48. List the prime factors of u(-2).
2, 47, 157
Suppose 9*v - 197152 = -15*v - 72328. What are the prime factors of v?
7, 743
Let o(v) be the third derivative of -89*v**4/12 + v**3/6 - 43*v**2. What are the prime factors of o(-1)?
179
Let w(u) = -u**2 + 9*u + 2. Let m be w(11). Let h be 2/(-8) - 5845/m. Suppose n + 3*n = h. List the prime factors of n.
73
Let b = -34 - -38. Suppose 2*k - 68 = -b*w, -2*w + k = w - 56. Suppose -26*l + w*l = -136. List the prime factors of l.
17
Let j = -9 - 73. Let w = -131 + 89. Let d = w - j. List the prime factors of d.
2, 5
Suppose 3*u = -2*m + 22596, -2*m + 13*u = 8*u - 22596. What are the prime factors of m?
2, 3, 7, 269
Let f = -225 - -2429. Let k = f - 1530. List the prime factors of k.
2, 337
Let b(k) = 37*k - 31. List the prime factors of b(3).
2, 5
Let b(p) = -p**2 + 6*p - 10. Let x(u) = -3*u**2 + 18*u - 30. Let n(d) = 11*b(d) - 4*x(d). Let f be n(4). What are the prime factors of f*(-355)/10*-1?
71
Suppose -3*h - 2*i - 1362 = 0, 5*i + 1324 = -4*h - 499. Let k be (172/6)/((-4)/42). Let g = k - h. List the prime factors of g.
151
Let c(p) = 12*p + 60. Let d be c(0). Suppose 3*s = 2*m - 3788, -61*m = -d*m + 3*s - 1894. What are the prime factors of m?
2, 947
Suppose -t - 31 = -110. Suppose j = 13 + t. Let r = 140 - j. List the prime factors of r.
2, 3
What are the prime factors of ((-84)/(-16))/((-315)/(-420)) - (-12890)/2?
2, 1613
Suppose -4*w = a + 6805, 0 = 2*w - a + 76 + 3319. What are the prime factors of w/30*(-18)/4?
3, 5, 17
Suppose 2*c - 4*c + 7 = -y, 2*c = -y + 1. Suppose -c*j + 0*j - 2*d + 64 = 0, -2*d = -j + 29. Let l = 55 - j. List the prime factors of l.
2, 3
Suppose 2474 + 2396 = 10*h. Suppose -3*g + h = -41. What are the prime factors of g?
2, 11
Let q = 2623 + -1351. Suppose q = 6*z - 1284. What are the prime factors of z?
2, 3, 71
Suppose 498*c = 495*c + 69. What are the prime factors of -1*7*(c + -78)?
5, 7, 11
Let d(c) = 64*c**2 - 101*c + 31. List the prime factors of d(9).
2, 2153
Suppose -4*r - 3*q = -2*r + 343, -4*q + 308 = -2*r. Let u = 236 + r. What are the prime factors of u?
2, 3
Suppose 1033 - 347 = 2*o. Suppose 5*g + 1 + 4 = 0, -w + o = 2*g. List the prime factors of w.
3, 5, 23
Suppose 8071*k - 441040 = 7997*k. List the prime factors of k.
2, 5, 149
Let l(g) = 4*g + 4. Let f be l(0). Suppose -f*i + 5 + 3 = 0. Suppose 7 + 37 = i*x. What are the prime factors of x?
2, 11
Let c(q) be the third derivative of -7*q**5/120 + 15*q**4/8 + 20*q**3/3 - 46*q**2. Let v(l) be the first derivative of c(l). List the prime factors of v(-16).
157
Suppose 5*g - 5*s - 36027 = 6533, 2*g = -2*s + 17020. What are the prime factors of g?
3, 2837
List the prime factors of 20*(-14)/(-35) - -20284.
2, 3, 19, 89
Let u = -38908 - -67033. What are the prime factors of u?
3, 5
Let g be -1 + 4 + (5 - 6). Suppose -3*y = y + 3*f + 160, -5*y + g*f - 223 = 0. Let h = y - -90. List the prime factors of h.
47
Let r(l) = 2*l**2 - 24*l + 23. Let k be 48/(-56)*(-280)/15. List the prime factors of r(k).
151
Let n(d) = -7 - 14*d + 58*d - 5*d + 21*d - 117. What are the prime factors of n(34)?
2, 479
Let r(f) = 4*f**2 - 15*f - 24. Let p = 101 + -87. What are the prime factors of r(p)?
2, 5, 11
Let p(x) = 19*x**3 + 8*x**2 + 79*x - 37. List the prime factors of p(11).
103, 263
Let c(b) = 7*b**3 + 34*b**2 - 200*b - 41. List the prime factors of c(12).
14551
Suppose 10 = -2*f + 4. Let v be (3/f)/((-2)/38). Suppose 6*k - v = 755. What are the prime factors of k?
3, 43
Let m(d) = -9*d - 120. Let g be m(-16). What are the prime factors of 324/(-8 + 210/g)?
2, 3
Let i be -5*9/(-15) - 58. List the prime factors of (2816/i)/(6/(-45)).
2, 3
Let u(l) = 797*l**2 + 2*l + 2. Let a be u(-1). Let d = 1153 - a. What are the prime factors of d?
2, 89
Let n(o) = 17 + 5057*o - 5060*o - 5 + o**2 + 10. Let i be ((-4)/(-10))/((-1)/(-30)). List the prime factors of n(i).
2, 5, 13
Suppose -536*p + 524*p = -212676. What are the prime factors of p?
37, 479
Suppose -70*t + 310908 = -1332692. List the prime factors of t.
2, 5, 587
Let t be 4/((-2)/2)*40. Suppose -a - 5*d - 236 = a, -2*d + 100 = -a. Let r = a - t. List the prime factors of r.
2, 13
Let o(u) = -739*u - 1. Let y be o(-2). Suppose 4*t - 2991 = 2*l + y, -1112 = -t - 2*l. List the prime factors of t.
2, 3, 31
Let l be -4 + (4 - 2) - -1. Let r be (2/l - -4) + 8. Let q(s) = -s**2 + 12*s - 10. List the prime factors of q(r).
2, 5
Suppose -51020 + 9392 = -46*v + 20932. Let s be 1*1/(-2)*-32. Suppose 6*n + v = s*n. What are the prime factors of n?
2, 17
Let h(a) be the third derivative of 12*a**2 + 0*a + 3/20*a**5 + 1/12*a**4 - 2*a**3 + 0. What are the prime factors of h(4)?
2, 5, 7
Suppose 0 = 3*t + 248*i - 243*i - 214464, -4*i + 357479 = 5*t. What are the prime factors of t?
71503
Let c(f) = -f**3 - 17*f**2 + 18*f + 2. Let m be c(-18). Suppose -l + 98 = -m*k, -3*k = 7*l - 9*l + 192. What are the prime factors of l?
2, 3, 5
Suppose -119*l - 46327 = -128*l + 44168. What are the prime factors of l?
5, 2011
Suppose -8 = -4*c + o + 3, 6 = -3*c - 4*o. Suppose -10 = -4*r - c. Let q(x) = 8*x**3 - 3. List the prime factors of q(r).
61
Suppose k = 2*c + 2, 0 = -c - 5*k + k + 8. Suppose -9*v - 12*v + 8190 = c. What are the prime factors of v?
2, 3, 5, 13
Suppose -a + 321 = -t, -a - 3*t + 19 = -282. Suppose -m + 7*u - 2*u = -a, 3*u + 310 = m. List the prime factors of m.
7, 43
Suppose 0 = 7*l - 27 - 36. What are the prime factors of (l - 5)*(3 + 94)?
2, 97
Let u(x) = x - 5. Let m be u(10). Let y(p) = 35*p**2 - p + 4. What are the prime factors of y(m)?
2, 19, 23
Suppose -4*u = u - 10, -19 = -3*k - 5*u. Suppose 2*i + 6 = 0, -x + 6*x - k*i - 3139 = 0. What are the prime factors of x?
2, 313
Suppose -478 = 2*u - 370. Let v = 849 + u. List the prime factors of v.
3, 5, 53
Let j(z) = 44*z**2 + 23*z - 13. Let p be j(3). Suppose -13*b + p + 133 = 0. What are the prime factors of b?
3, 5
Suppose 0 = g - 3*g + 12. Let k be 473 - (-3 + g + 1). Suppose -11*t + 4*t = -k. List the prime factors of t.
67
Let f(m) = 44*m**3 + 12*m**2 + 78*m - 530. List the prime factors of f(11).
2, 19, 397
Let b(t) = -10*t - 3. Let w be b(-1). Suppose 0 = 3*c + 4*p - 5, 3*c + w*p - 7 = 2*p. Let f(q) = -109*q**3 + q**2 - 1. List the prime factors of f(c).
109
Let z(d) = 4*d**2 - 49*d + 14. Let s be z(12). List the prime factors of (10/15)/(s/933).
311
Let i = -18 - 6. What are the prime factors of i/2*1736/(-32)?
3, 7, 31
Let c(z) = 15*z**2 + 13*z - 115. Let h be c(-18). Suppose 5*w - 5615 = 6*q - 5*q, 3*q - h = -4*w. List the prime factors of w.
2, 281
Let y(q) = q**3 + 9*q**2 - 13*q - 21. Suppose 6*d = -157 - 23. Let c = 22 + d. List the prime factors of y(c).
3, 7
Let o(r) = -11*r + 7. Let a(j) = 5*j - 4. Let p(u) = 13*a(u) + 6*o(u). Let d be p(-9). List the prime factors of d*548*1*(-1)/4.
137
Let s(d) = d**2 + d - 18. Let a be s(-5). Suppose -688 = -2*l - a*j, 4*l - 3*j - 1640 = -271. List the prime factors of l.
7
Let y = 34 - 65. Let x = 36 + y. List the prime factors of (9/8)/(x/20)*6.
3
Let o(g) be the first derivative of -3*g**4 + 2*g**3/3 - g**2/2 - 2*g - 510. Let f = 0 + -2. List the prime factors of o(f).
2, 13
Suppose 3*m - 41 = -26. Let b(r) = -7*r - 38. Let y be b(-7). Suppose -m*z + 15 = 5*v, y + 16 = z - 5*v. List the prime factors of z.
7
Suppose -2*l = -4*d - 9372, 5*l - 23478 = -17*d + 15*d. What